at is the remainder when l(4) is divided by 7?
4
Suppose 0 = -3*a + 2*x + 20, 2*a - 14 = -a - 4*x. Calculate the remainder when a is divided by 5.
1
Let q(l) = -l**3 - 13*l**2 + 12*l + 5. What is the remainder when 64 is divided by q(-14)?
31
Suppose 9*x - 160 - 92 = 0. Calculate the remainder when 165 is divided by x.
25
Calculate the remainder when 105 is divided by ((-4)/5)/((-2)/45).
15
Let s = 17 - -11. Calculate the remainder when 53 is divided by s.
25
Suppose -3*h + 13 = -32. What is the remainder when 74 is divided by h?
14
Let q(s) = -s + 111. Calculate the remainder when q(0) is divided by 19.
16
Let p = 209 - 93. What is the remainder when p is divided by 30?
26
Let v be (3 - 5 - -8)/(-1). Let i be (-1 - -38) + v/2. Suppose -j + 2*d = -1 - 9, -j = 4*d - i. Calculate the remainder when 53 is divided by j.
17
Suppose 8*x - 6*x - 58 = 0. What is the remainder when x is divided by 8?
5
Let k(d) = 2*d - 18. Calculate the remainder when -85*((-4)/2 - -1) is divided by k(20).
19
Let p(s) be the second derivative of s**4 + 5*s. Calculate the remainder when 33 is divided by p(1).
9
Let v(c) = -c**2 + 6*c - 5. Let d be v(4). Suppose d*x - 140 = -x. What is the remainder when x is divided by 9?
8
Suppose -4 = -2*u + 3*g, 2*g + 0*g = -4*u + 8. Let j be 5 - 15 - (-8)/2. Calculate the remainder when 36 is divided by u/j + 174/9.
17
Calculate the remainder when (4 - -2)*(-2 - (-81)/6) is divided by 12.
9
Let j(x) = x**2 - 5*x. Let k be j(6). Let l be (8/k)/(4/126). Suppose -h - l = -4*h. What is the remainder when 25 is divided by h?
11
Suppose -2*z + 23 = -25. Suppose 3*v - 12*v = -414. Calculate the remainder when v is divided by z.
22
Suppose 25 = 5*s, -3*p + p = 3*s - 25. Let a = 16 - p. Let o = -7 - -39. Calculate the remainder when o is divided by a.
10
Let h(t) = -3*t**3 - 20*t**2 - 34*t + 31. Let m(i) = -i**3 - 7*i**2 - 11*i + 10. Let q(a) = -2*h(a) + 7*m(a). What is the remainder when q(-8) is divided by 6?
4
Suppose 23*c = -513 + 1456. Calculate the remainder when c is divided by 10.
1
Let m = 1 + 6. Let z = -4 + m. Calculate the remainder when 2/z - 10/(-3) is divided by 3.
1
Suppose 0 = -3*l + 2*p + 80, 0 = 5*l - p - 8 - 123. Let m = -69 + 118. Calculate the remainder when m is divided by l.
23
Let k be (1/(-3))/((-1)/345). Suppose 3*o = k + 92. Calculate the remainder when o is divided by 18.
15
What is the remainder when -27*-8*5/10 is divided by 28?
24
Suppose -5*d - 2*x = 3*x + 5, x = -5*d + 11. Suppose d*l + 3*l = 138. What is the remainder when l is divided by (1 - (-3 + 2))*4?
7
Let d(z) = -z**2 + 18*z - 70. Suppose 5*u - 4*w = 39, 4*u - 3*w - 7 = 24. Calculate the remainder when d(9) is divided by u.
4
Let m(u) = u**3 + 4*u**2 + 2*u - 2. Let a be m(-4). Let y be (-34)/a - 2/5. Suppose -61 - 17 = -y*b. Calculate the remainder when b is divided by 9.
8
Let n be 3/6*-4 + 2. Let v = 6 + n. Calculate the remainder when 10 is divided by v.
4
Let x = -4 - -6. What is the remainder when 1/(-3) + (-176)/(-6) is divided by 3 + 10 - (-4)/x?
14
Let n = -6 - -10. Calculate the remainder when 4 is divided by n.
0
Let s = 18 + 5. Suppose -2*n + 20 = 3*k, 5*n + 3*k - 30 = 11. Let q(o) = o**3 - 8*o**2 + 8*o + 5. Calculate the remainder when s is divided by q(n).
11
Suppose -2*v - 4*g = -14, 4*v + 5*g - 2*g = 43. Let d(l) = 7*l**2 - 3*l + 2. What is the remainder when d(2) is divided by v?
11
Suppose u + 12 = d, 0 = -3*d - u + 43 + 5. Suppose -q - d = 3*l, 0*l + 15 = -5*l. Let n = -4 - q. Calculate the remainder when 3 is divided by n.
1
Let d = -344 + 514. Suppose -6*m - 200 = -5*n - 4*m, 5*n + 4*m - d = 0. Calculate the remainder when n is divided by -13*(-2 - (1 - 2)).
12
Calculate the remainder when 16 is divided by (-150)/(-35) - 2/7.
0
Suppose -8 = -4*f, -3*w - 3*f + 0*f + 21 = 0. Calculate the remainder when 18 is divided by w.
3
Suppose 29*p - 180 = 20*p. Calculate the remainder when 118 is divided by p.
18
Suppose 4*c - 9 = -3*o, -c + 0*o + 6 = -3*o. Suppose -c*d + 10 = -2. Calculate the remainder when 10 is divided by d.
2
Suppose -3*s + 8*m + 52 = 3*m, 2*m = -10. Let x(a) = 3*a + 1. What is the remainder when 55 is divided by x(s)?
27
Calculate the remainder when (-1 + 0)/(1/(-52)) is divided by 29.
23
What is the remainder when 131 is divided by -6*(14/(-4) - 2)?
32
Let u(p) = 177*p**3 - 2*p**2 + p. Let q be u(1). Suppose 4*l = 8*l - q. What is the remainder when l is divided by 15?
14
Let q(b) be the first derivative of b**2/2 + 5*b + 1. Calculate the remainder when (75/9)/(1/3) is divided by q(4).
7
Suppose 0 = -0*c - 5*c + 20, 2*c + 216 = 4*g. What is the remainder when g is divided by 15?
11
Let s(y) = -3*y - 5. What is the remainder when s(-8) is divided by 11?
8
Let w be 52/(-12) - 2/(-6). What is the remainder when 68 is divided by -2*54/w - 4?
22
Suppose 185 + 224 = -5*y - 4*v, y + 2*v + 77 = 0. Let i = 47 + y. Let n = -21 - i. Calculate the remainder when n is divided by 6.
5
Let q be ((-2)/(-4))/(1/6). Suppose -q*t + 41 = -76. What is the remainder when t is divided by 14?
11
Let j = -56 + 74. Calculate the remainder when 52 is divided by j.
16
Suppose 3*b - 26 = 7. Suppose -689 = -15*u - 224. What is the remainder when u is divided by b?
9
Suppose 5*o - 4*c - 186 = 0, -7*c = -3*o - 5*c + 110. Suppose 8*m = 3*m + 60. Calculate the remainder when o is divided by m.
10
Suppose -5*t + t + 168 = 0. What is the remainder when (28/6)/(4/t) is divided by 17?
15
Let h = 123 + -98. Calculate the remainder when 56 is divided by h.
6
Calculate the remainder when 1/(1 - 3 - (-70)/34) is divided by 6.
5
Suppose 5*t + 30 - 330 = 0. Let i = 30 - 9. What is the remainder when t is divided by i?
18
Let f = 125 - 108. What is the remainder when 131 is divided by f?
12
Let f(g) = -g - 2. Let u(l) = -l - 2. Let q(i) = 6*f(i) - 7*u(i). Let h = -3 - -2. What is the remainder when q(h) is divided by 1?
0
Let c be (4/6)/((-10)/15). Let r = 8 + c. Let v(l) = -l**3 + 9*l**2 - l + 13. Calculate the remainder when r is divided by v(9).
3
Let l(k) = -k**3 - 16*k**2 + 37*k + 26. Let g(x) = -2*x + 2. Suppose 2*m = 7*m + 30. What is the remainder when g(m) is divided by l(-18)?
6
Let z be 3/(-12) - (-26)/8. Suppose -z*n + 20 = 5. Calculate the remainder when 9 is divided by n.
4
Let d(v) = 4*v**3 + v**2 - 2. Let u be d(3). What is the remainder when (12/(-15))/((-2)/u) is divided by 12?
10
What is the remainder when 46 is divided by (-4)/6*(-585)/30?
7
Suppose -2*q = 3*j + q - 36, 48 = 5*j + 2*q. Calculate the remainder when 29 is divided by j.
5
Let s(a) = -3*a - 7. Suppose 0 = -5*w - 4*x + 3 - 16, 4*w - 3*x = -29. Calculate the remainder when s(w) is divided by 5.
3
Let w = -50 - -70. Let g(o) = -o**3 - 8*o**2 - 13*o + 9. Let q be g(-6). Suppose -5*b + q = -w. Calculate the remainder when 12 is divided by b.
5
Suppose -23 = -4*s + 9. Calculate the remainder when 4/(-14) + (-1900)/(-133) is divided by s.
6
Suppose 0 = -0*y + 4*y - 2*m - 256, y + 4*m - 82 = 0. What is the remainder when 19 is divided by (-2)/(-4)*y/3?
8
Suppose t + 5*f + 3 = -9, -2*f = 5*t - 32. Let v = 5 + t. What is the remainder when 37 is divided by v?
11
Let h = 532 + -358. Suppose -326 = -5*s + h. Calculate the remainder when 58 is divided by s/(-6)*18/(-15).
18
Let z(x) = -x**3 + 5*x**2 + 6*x. Let j be z(6). Suppose 0 = -j*t + t - 20. Calculate the remainder when t is divided by 11.
9
Let q(g) = -17*g - 1. Let w be q(6). Let x = -57 - w. Calculate the remainder when x is divided by 16.
14
Let x be 15/(-6)*(0 + -2). Suppose -3*m - i = -x*i - 1, 2*i = -2. Let v = m + 6. Calculate the remainder when 9 is divided by v.
4
Suppose 0 = u + 2. Let z be (u/3)/(4/(-84)). Let c = -9 + z. What is the remainder when c is divided by 3?
2
Let d = -34 - 32. Let h = d - -117. Suppose -4*w + 104 = -4*g, 2*w + 3*g = 4*w - h. Calculate the remainder when w is divided by 14.
13
Let i = -5 + 17. Let b(y) = 29*y**2 + 2*y + 1. Let w be b(-1). Suppose 2*u - w = -4*l, 84 - 32 = 2*u - 2*l. Calculate the remainder when u is divided by i.
10
Suppose 4*s - 228 = -2*n - 48, -5*s - 425 = -4*n. Suppose -3*u + 64 = 3*w + 1, -4*w + n = -4*u. Calculate the remainder when w is divided by 12.
11
Let f = 7 - 5. Let h = 2 - f. Suppose 3*t + 2*t - 85 = h. Calculate the remainder when t is divided by 9.
8
Let u(i) = 